et r = -133 - -143. What is the remainder when r is divided by q?
2
Suppose -8*c + 38*c - 1296 = 6*c. Calculate the remainder when c is divided by 30.
24
Let w = 9008 - 8965. What is the remainder when 1129 is divided by w?
11
Suppose 1071*u = 1076*u - 30, 5*u = -5*s + 5065. What is the remainder when s is divided by 202?
199
Suppose 12 = 7*s - 30. Suppose 13 + 11 = s*k. Calculate the remainder when 5 is divided by k.
1
Let b = -171 - -186. Suppose -4*d = v - 4*v + 28, -b = -3*d. Calculate the remainder when 21 is divided by v.
5
Suppose -64*u + 230 = 61*u - 120*u. Calculate the remainder when 1622 is divided by u.
12
Let f be (-1)/(-2)*(-31 + 19 + 0). Suppose -5*d - 24 = 4*m, -3*d - 7 = -5*m - 0*d. What is the remainder when 109 is divided by (16/f + m)*(-4 + -2)?
21
Suppose 24*v + 47533 = 55*v + 10426. What is the remainder when 3595 is divided by v?
4
Let d(z) = -z**3 - 34*z**2 - 221*z + 54. Calculate the remainder when d(-27) is divided by 42.
36
Calculate the remainder when 94/16 - 2/(-16) - (-13908 + -4) is divided by 30.
28
Suppose -10*d + 20*d - 56053 = -10223. What is the remainder when d is divided by 124?
119
Let m(r) = -r - 3 + 4 + 3 + 0*r. Let l = 1292 + -1282. Calculate the remainder when m(-14) is divided by l.
8
Suppose 5*x + 82 = 3*c, c - 44 = 4*x + x. Suppose -2*j + 3*o = 2*o - 148, 3*o = 4*j - 292. What is the remainder when 0 - (-1 + 2 - j) is divided by c?
18
Suppose 113 + 373 = 9*i. Suppose 4*h - 13*h = -i. Calculate the remainder when 26 is divided by h.
2
Suppose -6589 = -23*x - 1253. Suppose -527 + 12 = 5*t. Let i = x + t. What is the remainder when i is divided by 26?
25
Let o be (-44*3/(-10))/((-37)/(-555)). Suppose 66*z + o = 84*z. What is the remainder when z is divided by 93/12 + (-2)/(-8)?
3
Let g(w) = 41*w**3 + 2*w**2 - 6*w + 4. Let r be g(1). Suppose 34*t = r*t - 952. What is the remainder when t is divided by 20?
16
Suppose 2*x - 235 = -7. Suppose 0 = -219*l + 216*l + x. Calculate the remainder when l is divided by 12.
2
Suppose -88 = 2*m + 2*q - 156, -3*q = 6*m - 198. Suppose -313 + 53 = 4*z. Calculate the remainder when m is divided by 4/(-18) + z/(-9).
4
Suppose n = -5*n + 30. Suppose 18 = -n*i + 13. Let f(b) = -99*b**3 - b**2. What is the remainder when f(i) is divided by 28?
14
Let z(h) = 2*h**2 - 9*h - 55. What is the remainder when 392 is divided by z(-4)?
2
Suppose d + 5*v - v - 151 = 0, v + 713 = 5*d. What is the remainder when 231 is divided by d?
88
Let a(s) = -343*s**3 + 6*s**2 + 10*s + 3. What is the remainder when a(-1) is divided by 22?
12
Let q = 34 - 2. Let p(m) be the second derivative of 3*m**3/2 - 34*m**2 - 65*m. Calculate the remainder when p(18) is divided by q.
30
Let f(g) = 8*g**2 + 17*g - 49. Let z(l) = -3*l**3 + 6*l**2 + 5*l - 1. Let x be z(-1). Calculate the remainder when 294 is divided by f(x).
72
Let v(r) = 345*r - 19 + 338*r - 22 - 700*r. Calculate the remainder when v(-6) is divided by 38.
23
Let d(w) = -9*w + 68 - 23*w - 72. Let q be (-9)/15 - (-10)/(-25). Calculate the remainder when 52 is divided by d(q).
24
Suppose -2*m = 3*b - 3*m + 1020, -4*m = 2*b + 666. Let s = -288 - b. What is the remainder when 141 is divided by s?
39
Let r(n) = -n**3 - 4*n**2 + 6*n - 7. Let v be r(-5). Let j(i) = 18*i + 350. Let g be j(-20). Calculate the remainder when 47 is divided by 24/g*90/v.
11
Suppose 0*t = -4*t + 272. Let k = 71 - t. Let f = 60 + k. What is the remainder when f is divided by 16?
15
Suppose -556 = -4*k - 568. What is the remainder when 29 is divided by 6/k + 4/(-2) + 18?
1
Let c be 4 + 1 + (-7 - -9). Suppose c*i - 50 - 27 = 0. Calculate the remainder when 52 is divided by i.
8
Let g = -108 - -131. Calculate the remainder when 399 is divided by g.
8
Let t = 74 - 66. Suppose 12*g = t*g + 8. Suppose -10 = g*h - 46. Calculate the remainder when 85 is divided by h.
13
Calculate the remainder when 9314 is divided by 21 - 18/(-72)*18524.
10
Let m(c) = 12*c**2 - 39*c - 6. Suppose -6*p + 195 = -3*p. Calculate the remainder when m(6) is divided by p.
62
Let p(t) = 63*t - 609. Let w be p(10). Suppose 3*g + f = -23, 3*f - 16 - 41 = 5*g. Let d = g + w. Calculate the remainder when 118 is divided by d.
10
Let p(h) = 5*h + 2. Suppose 15 = a + a + 3*u, -3*a + 29 = -2*u. What is the remainder when p(19) is divided by a?
7
Suppose 10*g - 105 = -35. Suppose -2*p = -g*p + 20, 284 = -3*c + 5*p. Let r = c - -182. What is the remainder when r is divided by 49?
45
Suppose -16*r - 279 = -551. What is the remainder when 7171 is divided by r?
14
Suppose 0 = 4*o + 2 - 10. Suppose o*c = -3*c + 70. Let p = -111 - -151. What is the remainder when p is divided by c?
12
Suppose 6*c - 23 = 61. Let v be 60/c - 4/14. Suppose 3*h - v*h + 14 = 0. Calculate the remainder when 55 is divided by h.
13
Suppose 156*y - 152*y = -s + 84, -2*s = 5*y - 105. What is the remainder when 22 is divided by y?
1
Suppose 0 = 4*x - 4*i - 556, -2*x + 3*i = -5*x + 387. Calculate the remainder when x is divided by 51.
32
Let b = -127 + 439. Suppose -2*o + 5*n - 411 = -6*o, 3*o + 5*n - b = 0. What is the remainder when o is divided by 51?
48
Suppose 2*m = 11*m + 108. Let p(i) = -20*i + 26. Let n be p(m). Suppose 0 = 4*k - 11*k + n. Calculate the remainder when k is divided by 20.
18
Let v be (-20 + 18)*(-287)/4*2. Suppose 60*l = 67*l - v. Calculate the remainder when 160 is divided by l.
37
Let m = 50 - 36. Let h(o) = -m*o + 41*o - 40 - 10*o - 13*o. What is the remainder when 79 is divided by h(20)?
39
Suppose -5*g - 320 = 4*k - 3050, 2*g = 2*k - 1356. Let i = k - 255. Calculate the remainder when i is divided by 61.
59
Suppose -27*o = p - 30*o - 58, 4*p = 5*o + 253. Calculate the remainder when 1001 is divided by p.
63
Let d(w) = 1111*w - 1442. What is the remainder when d(11) is divided by 20?
19
Let q = -93 - -218. Suppose -2697*n + 2675*n = -726. Calculate the remainder when q is divided by n.
26
Let r = -16 + 153. Let a = -122 + r. What is the remainder when a is divided by 4?
3
Suppose 2*g - 15 = -5*z, 2*g + 3 = 4*z - 9. What is the remainder when 168 is divided by ((-50)/45 + g)*-9?
8
Suppose 4*d - 29 = -s, -4*d = -4*s - 19 + 15. What is the remainder when 292 is divided by d?
4
Suppose -1370*u + 1409*u - 217113 = 0. Calculate the remainder when u is divided by 10.
7
Let b be (-18)/(-12)*28/3. What is the remainder when 5/(5/b)*(-414)/(-36) is divided by 6?
5
Let h = -10557 - -17764. What is the remainder when h is divided by 14?
11
Suppose -25*z - 73 = -5*l - 27*z, 4*l + 2*z - 62 = 0. Calculate the remainder when 504 is divided by l.
9
Let q = -244 + 378. Let b = q - 90. What is the remainder when b is divided by 12?
8
Let c = -205 + 199. Let z(m) = -2*m**2 - 9*m + 30. Suppose 35 + 7 = a. Calculate the remainder when a is divided by z(c).
6
Calculate the remainder when 84007*(600/(-175))/(-24) is divided by 69.
64
Suppose 8*q - 1595 - 4605 = 0. Suppose -3*v - 27 = -144. Calculate the remainder when v is divided by 1/(-2) + q/50.
9
What is the remainder when 83 is divided by ((-3)/(-12)*34)/((-5)/40*-4)?
15
Suppose 0*x - 496 = -3*x - 4*z, 5*x = -z + 838. What is the remainder when 94 is divided by (x/(-30) - -6)*35?
10
Let q = -155 - -175. Calculate the remainder when (-141)/(-5)*(-70)/(-21) is divided by q.
14
Suppose -12*p + 9*p + 12 = 0. Suppose -p*y - 3*r = -43, 5*y - 32 = 4*r + 45. What is the remainder when 285 is divided by y?
12
Let b(m) = -4*m**2 - 96*m + 57. Let l = -51 + 78. What is the remainder when b(-24) is divided by l?
3
Suppose -m + 3*k = 8*k + 68, 10 = -5*k. What is the remainder when (m + -1)/(-3 + (-112)/(-40)) is divided by 74?
73
Suppose -5*n = 3*a + 5 - 3, 0 = a - 4*n - 22. Calculate the remainder when 249 is divided by a.
3
What is the remainder when 1380 is divided by (-84)/16*-2*(-572)/(-39)?
148
Let n be (-58)/(-2)*1/1. Let t = -26 + n. Suppose 3*o + t = 15, 5*f - 149 = -o. Calculate the remainder when f is divided by 11.
7
Suppose 4*v = 2*y + 174, -v = -4*y - 44 - 17. Calculate the remainder when 688 is divided by v.
32
Calculate the remainder when (-1875 + 68)*(0 + 1)*-1 is divided by 151.
146
Let h = 12425 + -12128. Calculate the remainder when 15439 is divided by h.
292
Let p(r) = 3*r - 8. Let f be p(1). Calculate the remainder when (-108)/(-8) + (f - (-36)/8) is divided by 12.
1
Let j = -39 +